of j?
1
Let z be (-6)/33 + 150/(-22). Let o(w) = -w - 15. Let k be o(z). What is the units digit of (k/(-6))/((-4)/(-18))?
6
Let c(q) = 0 - 244*q - 10 + 241*q + q**2. Suppose 5*d - 22 - 13 = 0. What is the tens digit of c(d)?
1
Let r = -4 - -2. Let s be (4/6)/(r/(-15)). What is the tens digit of s/(-2)*56/(-10)?
1
Let l = -1708 + 2005. What is the units digit of l?
7
Suppose -5*z = -16*z - 55. Let c(t) = -2*t**3 - 4*t**2 + 2*t - 8. What is the units digit of c(z)?
2
Suppose b + 3*b - 2*k - 152 = 0, 3*k = -3*b + 123. Suppose 35*f + 748 = b*f. What is the units digit of f?
7
What is the tens digit of (-8536)/(-10) + 66/165?
5
Suppose 11700 = 152*z - 140*z. What is the units digit of z?
5
Let s = 0 - 11. Let l = 15 + s. What is the units digit of l?
4
Let i be 183*2/3*1. Let z be (78/65)/(3/5). Suppose u - i = -3*g, -z*u + 200 = 5*g + 3*u. What is the tens digit of g?
4
Let z(b) = b**3 - 9*b**2 + 7*b + 8. Let q be z(8). Suppose -2*y - y = q. Suppose 4*u - 128 = -y*u. What is the units digit of u?
2
Let b = 374 - 119. What is the tens digit of b?
5
Let h(q) = 275*q + 31. What is the hundreds digit of h(6)?
6
Suppose 1748*d + 234 = 1750*d. What is the units digit of d?
7
Suppose -5041 - 4991 = -11*s. What is the units digit of s?
2
Let s(z) = -z**2 - 2*z - 23. Let g be s(0). Let r = -14 - g. What is the units digit of r?
9
Let r(q) = 663*q**2 + 25*q - 42. What is the tens digit of r(3)?
0
Let w(n) = 26*n**2 - 4*n + 3. Let x be w(2). Suppose 5*o + 14 - x = 0. What is the units digit of o?
7
Suppose 3*j = -4*u + 100, -2*u + 3*j - 4*j = -52. Let s = u - 27. What is the units digit of (8/20 - s)*-25?
5
What is the hundreds digit of ((-12)/9)/((-8)/2748)?
4
Let d(l) = 3*l**2 - 3*l - 1. Let p be d(4). Suppose -36*z = -p*z - 63. What is the tens digit of z?
6
Let p be -15*(-5)/(45/6). Let v = -5 + p. Suppose -v*r + 253 = 83. What is the tens digit of r?
3
Let j be (13 - 1)*1 - -2. Let f = j - -40. What is the units digit of f?
4
Suppose 6*p - 15 = p. Suppose 2*o - 48 = -2*y, -51 = -p*o + 3*y + y. What is the units digit of o?
1
Let g = -18 + 46. Suppose 3*x - x - 52 = 3*j, j + g = x. Suppose 4*d + 2*a + 2*a - x = 0, 0 = -4*d + 2*a + 50. What is the tens digit of d?
1
Suppose 29*j + 2353 - 13518 = 0. What is the tens digit of j?
8
Suppose -4453 = -3*t + u, 1487 = t - 26*u + 27*u. What is the hundreds digit of t?
4
Let k(t) = -3*t + 38. Let x be k(16). What is the units digit of -2*(-2 - (-415)/x)?
7
Let m be (-3)/((-4)/(-1 - 15)). Let q be 15/(2*m/(-80)). Suppose 0 = 3*g - 55 - q. What is the units digit of g?
5
Suppose -18 + 4 = -7*l. Suppose 3*t = 2*y + 300, l*t - 3*y + 187 = 4*t. What is the units digit of t?
8
What is the thousands digit of (-2 - -5390)*2/6 - -2?
1
Let u(r) = r**3 + 10*r**2 + 7*r + 9. Suppose -3*z + 5*b = 24, -2*b - 26 = 4*z + 6. What is the tens digit of u(z)?
8
Let u(j) be the second derivative of -j**5/20 - 5*j**4/12 + 2*j**3/3 + 7*j**2/2 - 6*j. Let w be u(-5). Let b = w + 18. What is the units digit of b?
5
Let h(n) = -2*n**3 + 6*n**2 + 4*n - 4. Let q be h(6). Let t = q - -388. What is the tens digit of t?
9
Suppose -5*g = -w + 21, -4*g - 51 = -3*w - g. Let u = 78 - w. What is the units digit of u?
2
Let g = 10 - 19. Let x = 4 + g. What is the units digit of 2 + x - 0 - -5?
2
Let q = 14 + -9. Suppose q*d - y = 11 + 13, -3 = -3*y. Suppose -d - 5 = -2*l. What is the units digit of l?
5
Let f(c) = -c + 92. Suppose 0 = -7*p + 2*p. What is the tens digit of f(p)?
9
Suppose 0 = 2*x - 3*h - 128, -2*x = 6*h - h - 160. Let r = -6 + 10. Suppose -r*z = z - x. What is the units digit of z?
4
Suppose -4*h + l = -0*l - 23, 3*h = -5*l. Suppose d - 3*o = 101, 4*d - 2*d + h*o - 169 = 0. What is the units digit of d?
2
Suppose 0*c = q - 3*c - 210, 3*c - 795 = -4*q. Suppose q = 3*j - 231. What is the hundreds digit of j?
1
Suppose 7*q - 14 + 0 = 0. What is the tens digit of 4*12 + -1 + q?
4
Suppose 53*t = 55*t + 30. Let b = 73 - t. What is the units digit of b?
8
Suppose 0 = 25*f - 12*f + 377. Suppose 2*z - 4*k = -46, 5*z - 5*k + 132 = 22. Let a = z - f. What is the units digit of a?
8
Let q(f) = 4*f**2 + 12*f - 2 + 3*f**2 + 8*f - 28*f. What is the tens digit of q(6)?
0
Let j = 1254 - 856. What is the tens digit of j?
9
Let t(h) = 62*h - 48. What is the units digit of t(6)?
4
Let i be (21/(-14))/((-3)/(-20)). Let r = 19 + i. Suppose 3 = q - r. What is the tens digit of q?
1
Suppose -584 = 4*f + 2*m - 6*m, -m - 742 = 5*f. Let u = f - -211. What is the tens digit of u?
6
Let o(g) = -g**3 + 34*g**2 - 7*g - 115. What is the thousands digit of o(29)?
3
Let a(o) = 9*o + 2. Let i be a(1). Let g(f) = -2*f + i + 3*f - 1 + 4. What is the tens digit of g(14)?
2
Suppose 59*g - 39318 - 44108 = 0. What is the tens digit of g?
1
Let y = -45 - -45. Suppose -3*l + 41 = n, 3*n - 8 + 2 = y. What is the tens digit of l?
1
What is the tens digit of ((-72585)/25)/((-3)/5)?
3
Suppose 10*r + 6 = 13*r. Suppose -r*t + 58 = -252. What is the hundreds digit of t?
1
Let b(p) be the first derivative of -p**3/3 - 3*p**2 + p - 1. Suppose -7*g - 2*g - 45 = 0. What is the units digit of b(g)?
6
Let l be (2/3)/(18/(-27)). Let w(t) = -29*t**3 + t. What is the units digit of w(l)?
8
Let b(y) = y + 2. Let s be b(-2). Suppose s = -5*w + 220 + 305. Suppose 3*u - w = -u - 5*m, -3 = -3*m. What is the tens digit of u?
2
Suppose 0 = 9*f - 14*f. What is the units digit of 1 + 260 - (f - -3)?
8
Suppose 0 = -5*o + 26 + 4. Suppose 2*x - o - 16 = 0. What is the units digit of x?
1
Let q be (-384)/27 - 10/(-45). Let w = q - -20. Suppose w*l - 364 = -l. What is the units digit of l?
2
Let q(r) = r**2 - 2*r + 3. Let y be q(3). Suppose 0 = -91*j + 99*j - 688. Suppose 2*h - y = 5*h, 4*a + h - j = 0. What is the units digit of a?
2
Let f be 3/2 + (-3)/(-6). Suppose -12*s + 475 = 7*s. Suppose 0 = f*w + 3 - s. What is the units digit of w?
1
Suppose -z - 1305 = -j, -5*j + 1995 + 4550 = -z. What is the units digit of j?
0
Let y(o) = -38*o**3 - o. Let q be y(-1). Let h = q + -21. What is the units digit of h?
8
Let u(r) = 4*r. Let s(g) = -g**3 - 7*g**2 + 8*g + 1. Let c be s(-8). Let q be u(c). Suppose v = 0, 3*y + q*v + 1 = 16. What is the units digit of y?
5
What is the units digit of 6 - ((-2)/(-2) - (13 + -15))?
3
Suppose y - 362 - 115 = 0. What is the units digit of y?
7
Suppose 21*p - 22*p + 5 = 0, -4*b + 2*p = -6290. What is the tens digit of b?
7
Let d(i) = -i + 6. Let t(h) = -h + 12. Let m(q) = -5*d(q) + 2*t(q). What is the tens digit of m(7)?
1
Suppose 0 = -4*n + z + 24981, z + 0*z - 12483 = -2*n. What is the tens digit of n?
4
Let p(a) = 4*a + 4. Let u be p(-7). Let s be -1 - ((-94)/(3 + -5) - 2). Let n = u - s. What is the units digit of n?
2
Let k(a) = 19*a**2 - 3*a - 44. What is the tens digit of k(6)?
2
Let i = 19 - 29. Let q(l) = l - 1. Let a be q(9). What is the units digit of (-15)/i*a*2?
4
Suppose 5*l + 189 = -6. Let q = l + 96. What is the units digit of q?
7
Let w(j) be the second derivative of -j**4/12 - 3*j**3/2 + 13*j**2 - 24*j. What is the units digit of w(-11)?
4
Let k(o) = -3*o**3 - 4*o**2 + 4*o + 5. Let f(v) = -3*v**3 - 4*v**2 + 5*v + 6. Let m = 32 - 26. Let x(u) = m*k(u) - 5*f(u). What is the tens digit of x(-3)?
4
Suppose 0 = -2*m - 6 + 2. What is the units digit of (-65)/(1 + m/(16/12))?
0
Suppose 0 = -3*l + 5*n + 1048, 2365 = 5*l - 3*n + 629. Suppose 2*x - 202 = l. What is the units digit of x?
4
Let y(u) = u**3 - 5*u**2 - 7*u + 1. Let t be y(6). Suppose -3*j + 22 = 3*q + 73, -5*j - 115 = -5*q. What is the units digit of (-36)/j + (-1)/t?
2
What is the tens digit of (3203/(-6)*2)/(1/(-3))?
0
What is the hundreds digit of (3 - -2) + 178 + 1 + -2?
1
Let j(u) = u**3 - 7*u**2 - 9*u + 20. Let x be j(8). Suppose -3*r - 4 - 4 = t, -2*r + 4 = -4*t. What is the units digit of ((-20)/x)/(r/6)?
5
Let c be ((-6)/33 - 18/22)*-2. Suppose c*b - 3*b + 5*i = -31, 2*i = 4*b - 88. What is the units digit of b?
1
Let w(g) = -3*g - 14. Let p be w(-3). What is the tens digit of 297/63 + p + 690/14?
4
What is the hundreds digit of 648725/140 + 6/(-8)?
6
What is the hundreds digit of 80*((-56)/(-12) + (-2)/(-6))?
4
What is the tens digit of 593 + ((6 - -1) + -4 - 2)?
9
Let q(v) be the second derivative of -7*v**3/6 + v**2/2 - 3*v. Let b be q(4). Let t = -10 - b. What is the tens digit of t?
1
Let